3, 181
List the prime factors of 24912.
2, 3, 173
List the prime factors of 1261.
13, 97
What are the prime factors of 34115?
5, 6823
List the prime factors of 6311.
6311
What are the prime factors of 15610?
2, 5, 7, 223
What are the prime factors of 40511?
17, 2383
What are the prime factors of 16189?
16189
What are the prime factors of 5208?
2, 3, 7, 31
List the prime factors of 14756.
2, 7, 17, 31
List the prime factors of 36492.
2, 3, 3041
What are the prime factors of 918?
2, 3, 17
List the prime factors of 1589.
7, 227
What are the prime factors of 45820?
2, 5, 29, 79
List the prime factors of 874.
2, 19, 23
What are the prime factors of 271?
271
List the prime factors of 9197.
17, 541
List the prime factors of 21268.
2, 13, 409
What are the prime factors of 30118?
2, 11, 37
List the prime factors of 4391.
4391
List the prime factors of 3787.
7, 541
What are the prime factors of 865?
5, 173
What are the prime factors of 14088?
2, 3, 587
What are the prime factors of 3171?
3, 7, 151
List the prime factors of 246.
2, 3, 41
List the prime factors of 4815.
3, 5, 107
What are the prime factors of 9904?
2, 619
What are the prime factors of 5709?
3, 11, 173
What are the prime factors of 2751?
3, 7, 131
List the prime factors of 6398.
2, 7, 457
What are the prime factors of 1672?
2, 11, 19
List the prime factors of 327.
3, 109
What are the prime factors of 47927?
11, 4357
What are the prime factors of 744?
2, 3, 31
List the prime factors of 1671.
3, 557
What are the prime factors of 8690?
2, 5, 11, 79
What are the prime factors of 4345?
5, 11, 79
What are the prime factors of 6872?
2, 859
List the prime factors of 38333.
38333
List the prime factors of 45328.
2, 2833
What are the prime factors of 1854?
2, 3, 103
What are the prime factors of 6500?
2, 5, 13
List the prime factors of 119310.
2, 3, 5, 41, 97
List the prime factors of 42558.
2, 3, 41, 173
List the prime factors of 20583.
3, 2287
List the prime factors of 10888.
2, 1361
What are the prime factors of 2657?
2657
List the prime factors of 21697.
13, 1669
What are the prime factors of 15434?
2, 7717
What are the prime factors of 121?
11
List the prime factors of 2543.
2543
What are the prime factors of 129097?
129097
What are the prime factors of 23619?
3, 7873
What are the prime factors of 69042?
2, 3, 37, 311
List the prime factors of 54369.
3, 7, 863
List the prime factors of 886.
2, 443
What are the prime factors of 1706?
2, 853
What are the prime factors of 1151?
1151
List the prime factors of 24214.
2, 12107
What are the prime factors of 274?
2, 137
List the prime factors of 7595.
5, 7, 31
List the prime factors of 2176.
2, 17
What are the prime factors of 774?
2, 3, 43
What are the prime factors of 892?
2, 223
What are the prime factors of 24588?
2, 3, 683
What are the prime factors of 133288?
2, 16661
What are the prime factors of 132804?
2, 3, 7, 17, 31
List the prime factors of 4661.
59, 79
List the prime factors of 6306.
2, 3, 1051
List the prime factors of 6434.
2, 3217
List the prime factors of 882.
2, 3, 7
List the prime factors of 96445.
5, 19289
List the prime factors of 30655.
5, 6131
List the prime factors of 5292.
2, 3, 7
List the prime factors of 146.
2, 73
What are the prime factors of 715?
5, 11, 13
What are the prime factors of 9846?
2, 3, 547
List the prime factors of 713.
23, 31
What are the prime factors of 44997?
3, 53, 283
What are the prime factors of 1352?
2, 13
What are the prime factors of 14778?
2, 3, 821
What are the prime factors of 6451?
6451
What are the prime factors of 6530?
2, 5, 653
What are the prime factors of 332?
2, 83
What are the prime factors of 4959?
3, 19, 29
List the prime factors of 122.
2, 61
What are the prime factors of 2930?
2, 5, 293
List the prime factors of 200.
2, 5
List the prime factors of 1594.
2, 797
What are the prime factors of 8026?
2, 4013
What are the prime factors of 9974?
2, 4987
List the prime factors of 522.
2, 3, 29
What are the prime factors of 52321?
52321
List the prime factors of 24098.
2, 12049
List the prime factors of 1034.
2, 11, 47
List the prime factors of 102597.
3, 11, 3109
List the prime factors of 377.
13, 29
What are the prime factors of 1331?
11
List the prime factors of 1984.
2, 31
What are the prime factors of 9887?
9887
List the prime factors of 615.
3, 5, 41
List the prime factors of 84315.
3, 5, 7, 11, 73
What are the prime factors of 9114?
2, 3, 7, 31
List the prime factors of 9487.
53, 179
List the prime factors of 51290.
2, 5, 23, 223
What are the prime factors of 3285?
3, 5, 73
What are the prime factors of 21880?
2, 5, 547
List the prime factors of 32468.
2, 8117
What are the prime factors of 5417?
5417
List the prime factors of 7350.
2, 3, 5, 7
What are the prime factors of 12131?
7, 1733
List the prime factors of 1666.
2, 7, 17
What are the prime factors of 46973?
107, 439
What are the prime factors of 1665?
3, 5, 37
What are the prime factors of 90?
2, 3, 5
List the prime factors of 5631.
3, 1877
What are the prime factors of 1120?
2, 5, 7
What are the prime factors of 54747?
3, 7, 11, 79
List the prime factors of 9399.
3, 13, 241
List the prime factors of 2011.
2011
List the prime factors of 30817.
30817
List the prime factors of 51569.
7, 53, 139
List the prime factors of 1637.
1637
What are the prime factors of 400?
2, 5
What are the prime factors of 14251?
14251
List the prime factors of 767.
13, 59
List the prime factors of 86822.
2, 43411
What are the prime factors of 55278?
2, 3, 37, 83
What are the prime factors of 2678?
2, 13, 103
List the prime factors of 611.
13, 47
What are the prime factors of 61238?
2, 67, 457
What are the prime factors of 1201?
1201
List the prime factors of 45995.
5, 9199
List the prime factors of 17197.
29, 593
What are the prime factors of 31516?
2, 7879
List the prime factors of 4242.
2, 3, 7, 101
List the prime factors of 2349.
3, 29
List the prime factors of 25070.
2, 5, 23, 109
What are the prime factors of 10314?
2, 3, 191
What are the prime factors of 4121?
13, 317
What are the prime factors of 3089?
3089
List the prime factors of 2711.
2711
What are the prime factors of 2251?
2251
What are the prime factors of 5059?
5059
List the prime factors of 15202.
2, 11, 691
List the prime factors of 20420.
2, 5, 1021
List the prime factors of 168613.
23, 7331
List the prime factors of 13231.
101, 131
List the prime factors of 8592.
2, 3, 179
What are the prime factors of 14072?
2, 1759
List the prime factors of 1679.
23, 73
What are the prime factors of 24109?
24109
List the prime factors of 26239.
19, 1381
List the prime factors of 4236.
2, 3, 353
What are the prime factors of 100652?
2, 25163
What are the prime factors of 332?
2, 83
List the prime factors of 71195.
5, 29, 491
What are the prime factors of 938?
2, 7, 67
What are the prime factors of 34702?
2, 17351
List the prime factors of 2929.
29, 101
List the prime factors of 846.
2, 3, 47
What are the prime factors of 77688?
2, 3, 13, 83
What are the prime factors of 43374?
2, 3, 7229
List the prime factors of 42063.
3, 7, 2003
List the prime factors of 31459.
163, 193
What are the prime factors of 108?
2, 3
What are the prime factors of 289?
17
What are the prime factors of 1097?
1097
What are the prime factors of 1661?
11, 151
List the prime factors of 11022.
2, 3, 11, 167
What are the prime factors of 190588?
2, 29, 31, 53
What are the prime factors of 182404?
2, 31, 1471
What are the prime factors of 119182?
2, 7, 8513
List the prime factors of 62542.
2, 31271
List the prime factors of 238.
2, 7, 17
What are the prime factors of 2112?
2, 3, 11
What are the prime factors of 1057?
7, 151
List the prime factors of 2593.
2593
What are the prime factors of 3193?
31, 103
List the prime factors of 16151.
31, 521
What are the prime factors of 19?
19
What are the prime factors of 17229?
3, 5743
What are the prime factors of 21338?
2, 47, 227
List the prime factors of 64809.
3, 19, 379
List the prime factors of 162271.
263, 617
List the prime factors of 3106.
2, 1553
What are the prime factors of 2870?
2, 5, 7, 41
List the prime factors of 1861.
1861
What are the prime factors of 3022?
2, 1511
What are the prime factors of 37869?
3, 13, 971
What are the prime factors of 26622?
2, 3, 17, 29
List the p